pose -3 = -w*p + 1. What is the greatest common divisor of a and p?
1
Suppose -208 = -2*i - 4*o, 43*o - 45*o + 212 = 2*i. Let r = -1 - 7. Let q(g) = -g**2 - 12*g - 8. Let j be q(r). What is the highest common factor of i and j?
12
Let h(v) = 3*v - 19. Suppose -2*w = 2*c - 34, -2*w + 29 = 4*c - 37. Let y be h(c). Let r = 35 - y. What is the greatest common divisor of r and 27?
3
Let o = 21990 + -21830. Calculate the highest common factor of 7940 and o.
20
Let l(m) = -m**2 - 52*m - 571. Let x be l(-19). What is the highest common divisor of 756 and x?
28
Suppose -360*n + 320*n = -37920. Calculate the greatest common factor of 6 and n.
6
Suppose 0 = -47*d - 7*d + 4053 + 14199. Calculate the highest common factor of d and 4.
2
Let v be (-1)/(-9 + 4 - -4). Let b = 11 + -18. Let h = v - b. What is the highest common divisor of 1 and h?
1
Suppose -4*a + 19*a - 17102 = 30898. What is the greatest common factor of a and 50?
50
Suppose -5*i + 29 = a, i - 75 = -a - 14. Calculate the greatest common divisor of a and 13593.
69
Let w(f) = -8*f**2 + 53*f + 1. Let d be w(5). Suppose 86*b - 88*b = -528. What is the highest common factor of b and d?
66
Let s(i) = 5*i - 30. Let z be s(6). Suppose -28 = -2*b + 5*y, -3*b + 33 = -z*y - 3*y. Suppose 48 - 210 = -b*x. Calculate the highest common divisor of 9 and x.
9
Suppose 111*m - 108*m = 6. Suppose 2*q + 2*l = 22, -m*q + 21 = -q - l. Calculate the highest common divisor of q and 2.
2
Let u = 2832 + -1768. Calculate the greatest common divisor of u and 42.
14
Suppose 0 = -101*y - 94*y + 218400. Calculate the greatest common factor of 2100 and y.
140
Let y be 8/14*490/140. Suppose -5*a + 524 = -f, 3*a - 388 = -y*f - 84. What is the highest common divisor of 182 and a?
26
Suppose 41 = 2*o - 9. Let c = 28 - o. Let b be 138/9 + (15/9 - 2). Calculate the greatest common divisor of b and c.
3
Let w be (12 + -11)*6*3. Let p be 30*(4/(-18))/((-12)/w). Suppose c = -c + 140. Calculate the highest common factor of c and p.
10
Suppose 5*j - 15 = -3*u, -3*u - 12 = -3*j - j. Let t be (0 - 1)*4/(-1 - j). Let b be 17*t + -16 + 17. What is the greatest common divisor of 27 and b?
9
Suppose 2*i + 2*i - 480 = 0. Let y(j) = j**2 - 225*j + 5200. Let s be y(25). Calculate the greatest common divisor of s and i.
40
Suppose -26 - 4 = -10*t. Suppose 5*h = -2*w + 25 + 7, -2*h - t*w = -15. What is the greatest common factor of 126 and h?
6
Suppose -2*m + 0 = -4. Let u = -235 - -80. Let n = u - -173. What is the highest common factor of n and m?
2
Let b be -6*-10*19/6. Calculate the highest common divisor of b and 475.
95
Suppose -1 - 3 = -p. Let z(i) = -5*i**2 - 12*i + 5. Let u be z(-4). Let c be -96*-3*(-3)/u. What is the highest common divisor of p and c?
4
Suppose -29*m + 120 = -1156. Suppose 0 = t + 34 - m. Let w = -15 - -45. What is the greatest common factor of w and t?
10
Let i(z) = z**2 + 2*z + 1. Let x(h) = -18*h**2 + 13*h - 19. Let r(m) = -5*i(m) - x(m). Let t be r(5). Calculate the greatest common factor of t and 56.
56
Let m = 983 + -487. What is the greatest common divisor of m and 155?
31
Let q(h) = -h - 11. Let m be q(-10). Let a be -1*(3 - m) - -17. Suppose 62*i + 416 = 66*i. What is the highest common factor of i and a?
13
Suppose -3*p - 3*n = -57, -7*n = p - 9*n - 22. Suppose 2*a - 72 = -g + 92, -4*g + 3*a = -634. Calculate the highest common factor of g and p.
20
Let h be (-8)/(-6) - (-1)/(-3). Suppose -20*i - 48*i + 1 = -203. What is the greatest common factor of i and h?
1
Suppose a - 2*m = 58, -4*a - 2*m = -a - 134. Suppose -a*v = -14*v - 25024. Calculate the highest common divisor of v and 32.
32
Let p = 268 + -209. Let x be (5 - p)*(-2)/6. What is the highest common factor of x and 24?
6
Let i be (5/((-15)/(-8)))/(13/117). Calculate the greatest common divisor of i and 456.
24
Suppose -4*c + 1 = -p, 7 = -5*p + 2*c + 20. Suppose 2*a - 68 = -2*u, -u - 2*a = -p*u + 68. What is the highest common divisor of u and 85?
17
Let g(y) = 14*y**2 + 207*y - 21. Let j be g(-15). Calculate the highest common divisor of j and 123.
3
Let l(j) = 3*j**2 - 8*j - 16. Let d be l(-2). Suppose 50*u = 45*u + 240. Suppose -u = -0*g - g. What is the highest common divisor of g and d?
12
Suppose 0*h + 140 = 5*x + h, -x - 4*h + 9 = 0. Suppose -31*d = -x*d - 80. What is the highest common divisor of 16 and d?
8
Let n = -14713 + 14965. Calculate the greatest common divisor of 4452 and n.
84
Let w(d) = -23*d**3 - d**2 - d. Let n(u) = -2*u**3 - u. Let s(z) = 3*n(z) - w(z). Let t be s(1). What is the greatest common factor of t and 656?
16
Let p(v) = v**2 + 3*v - 51. Let d be p(-9). Suppose -2*b = -0*x + 2*x - 144, d*b - x = 208. Calculate the highest common factor of 20 and b.
10
Let r(d) = d**3 + 11*d**2 - 3*d - 27. Let t be r(-11). Let g be -1*6*(-2)/t. What is the greatest common factor of 64 and g?
2
Suppose -5*h + 3564 = -3*h. Let w(t) = 68*t + 781. Let k be w(-11). Calculate the greatest common factor of h and k.
33
Suppose -4*k + 6*k = 3*z + 118, 0 = 5*k + 4*z - 272. Calculate the highest common factor of k and 42.
14
Let o = 10350 + -9460. What is the greatest common divisor of 320 and o?
10
Let f = -17845 + 30861. What is the greatest common divisor of f and 8?
8
Let d be 40/(-3 + 122/42). Let o = 596 + d. Suppose n - 133 = -3*h, 4*h + 0*n - 172 = 4*n. What is the greatest common divisor of h and o?
44
Let d(m) = 7*m**3 + m**2 - 2*m + 5. Let h be d(0). Let x be h/(-3) - 25278/(-198). Suppose 0 = 4*j + 7 - 63. Calculate the highest common factor of x and j.
14
Let i be (4 - -91)*((-33)/66)/((-2)/4). What is the highest common factor of i and 285?
95
Let v = 10078 + -805. Calculate the greatest common factor of v and 99.
33
Suppose -5*i + 32 = -38. Let l = 3347 + -4786. Let n = 1467 + l. Calculate the greatest common divisor of i and n.
14
Let m be 6030/(-6700)*(-80)/3. Suppose 2*h - 396 = -h. What is the highest common factor of h and m?
12
Suppose -13*k + 20*k = 21063. Let c = k - 2081. Suppose h = f - 3*h - 197, 5*f - h = c. Calculate the greatest common divisor of f and 37.
37
Suppose -412 = -51*i + 1068 + 662. Calculate the highest common divisor of i and 1698.
6
Let a = -37 - -15. Let l be (-497)/(-11) + 4/a. Suppose 419*m - 476*m + 448 = 163. Calculate the highest common factor of l and m.
5
Let q(m) = 77*m + 82. Let f be q(-7). Let p = -453 - f. What is the highest common divisor of 52 and p?
4
Let z(b) = 4 - 3*b + 2*b - 3*b**2 + 6*b + 14. Let x be z(8). Let s be 0 + -1 + x/(-2). Calculate the greatest common divisor of s and 22.
22
Let n(u) = u**2 + 37*u + 360. Let b be n(-23). Calculate the greatest common divisor of b and 3667.
19
Suppose m - 325 = -3*x, 2*x + 106*m - 111*m - 211 = 0. Calculate the greatest common factor of 846 and x.
18
Let b(s) = -4*s + 6. Let j be b(0). Let g be 2/j*2 + (-52)/(-3). Let a(p) = 10*p - 202. Let w be a(22). What is the greatest common factor of g and w?
18
Let q(k) = -k**3 + 10*k**2 - 10*k + 10. Let v be q(9). Let l be (v + -1 - 3)/(135/(-1530)). What is the highest common divisor of 2 and l?
2
Suppose 73*l = 77*l + 892. Let d = 277 + l. Calculate the greatest common divisor of 42 and d.
6
Let w be (17 - -37) + (-16 - -7). What is the greatest common divisor of w and 85?
5
Let z(x) = 6*x**3 + 42*x**2 + 29*x - 34. Let q be z(-6). Suppose 48 = 7*i - 3*i. What is the highest common factor of i and q?
4
Let v(s) = -s**3 - 4*s**2 + 9*s - 54. Let x be v(-10). Suppose 0 = 12*q - x - 48. Calculate the greatest common divisor of 266 and q.
14
Let i(c) = c**3 + 36*c**2 + 34*c + 145. Let l be i(-35). Calculate the highest common factor of 510 and l.
30
Suppose 0 = -52*p + 14198 + 38686. Let d = p + -537. Calculate the greatest common divisor of 30 and d.
30
Suppose -l - 196 = 6*l. Let g be 1*25/(-20)*l. Suppose 0 = 3*w - 4*w + 2*s + g, 3*w - 125 = 2*s. What is the greatest common divisor of 3 and w?
3
Let r = 11841 + -11790. What is the highest common divisor of r and 16473?
51
Let s be 99/12*(-260)/(-5). What is the highest common factor of s and 1131?
39
Let l = 213 + -120. Let t(w) = 2*w**3 - 7*w**2 + 12*w + 20. Let h be t(5). What is the highest common divisor of l and h?
31
Suppose -3*i = 2*p - 662, -8*i + 884 = -4*i + 4*p. Calculate the highest common factor of 320 and i.
20
Suppose a = -2*i + 36, 2*